Calculate the remainder when p is divided by 18.
16
Let t = -3 - -22. Suppose z - t = -5. Calculate the remainder when z is divided by 8/3*(-1 - -4).
6
Let l = 42 - 40. What is the remainder when 5 is divided by l?
1
Suppose 213 = 4*g + 89. What is the remainder when g is divided by (-4 - (1 - (-4 + -8)))*-1?
14
Suppose 56 = 6*q - 172. Calculate the remainder when q is divided by 13.
12
Suppose -3*t + 6 = -0*t. Suppose t*n = 1 + 11. What is the remainder when n is divided by 2?
0
Suppose -2*z = -0*z - 28. What is the remainder when 69 is divided by z?
13
Calculate the remainder when 11 is divided by ((-90)/10)/((-6)/4).
5
What is the remainder when 49 is divided by 13 + -5 + (1 - -1)?
9
Let z = -5 + 14. Let a be (1/3)/((-2)/6). Let i(h) = -16*h + 1. What is the remainder when i(a) is divided by z?
8
Suppose 2*l = 3*m + 2*m - 127, 0 = m + l - 31. Suppose 5*o - 88 = m. What is the remainder when o is divided by 12?
11
Let z(d) = -2*d**2 - 6*d - 3. Let b(y) = 5*y**2 + 17*y + 8. Let j(v) = -3*b(v) - 8*z(v). Let c = -60 - -67. Calculate the remainder when c is divided by j(4).
3
Let j = 51 + -20. What is the remainder when 122 is divided by j?
29
Let h = -6 + 21. Let u(b) be the first derivative of 2*b**3 + 2*b**2 - 3*b - 3. What is the remainder when u(2) is divided by h?
14
Suppose -j - 30 = -2*p + j, 3*p - 2*j - 46 = 0. Calculate the remainder when p is divided by 10.
6
Let a = -21 - -46. What is the remainder when 48 is divided by a?
23
Let c(m) = -m**2 - 9*m. Suppose -4*l + 28 = -5*t, -2*t = 4*l - t - 28. What is the remainder when c(-5) is divided by l?
6
Suppose 14 + 35 = 7*g. Calculate the remainder when (16 - -2)/1 - -2 is divided by g.
6
What is the remainder when 15 is divided by 2/3*(-16 - -31)?
5
Let b = -9 + 35. Let o be ((-5)/4)/((-3)/24). Suppose p - o - 19 = 4*s, -3*s = 3*p - 12. Calculate the remainder when b is divided by p.
8
Suppose 2*x - 114 = -5*s, -2*s = s + 12. What is the remainder when x is divided by 19?
10
Suppose 2*k = 2*d - 38, -4*d = d - 2*k - 89. Calculate the remainder when 2/(3/75*1) is divided by d.
16
What is the remainder when ((-1)/3)/(1/(-93)) is divided by -3 + 4 + 0 - -10?
9
Let i = 112 - 79. What is the remainder when i is divided by 19?
14
Let r be -1*3/3 + 6. Suppose a = -2*p + r, -a - 11 = p - 3*p. Let w = -11 + 21. What is the remainder when w is divided by p?
2
Let f(q) = q + 1. Let j be f(-7). Calculate the remainder when (-24)/j + (3 - 1) is divided by 2.
0
Calculate the remainder when -23*(-1 - (2 + 1)) is divided by 31.
30
Let i = -9 + 16. Let s = 17 - i. Calculate the remainder when 42 is divided by s/55 + 119/11.
9
Suppose 2*q = 7*q. Suppose 4*j + q = 8. Let n(d) = d**2 - 3*d + 1. What is the remainder when j is divided by n(3)?
0
Calculate the remainder when 96 is divided by (50/6)/((-6)/(-18)).
21
Let k = 10 - 11. What is the remainder when (2 - 22)/k - -1 is divided by 11?
10
Let b(l) = 4*l**2 + 12 + 11*l - 3*l**2 + 0*l. Let v(o) = o**2 + o - 8. Calculate the remainder when v(-6) is divided by b(-11).
10
Suppose 67 = -17*b + 560. What is the remainder when 141 is divided by b?
25
Let o = -61 + 63. Calculate the remainder when 5 is divided by o.
1
Let v = 2 - -2. Suppose 0 = v*p - 127 + 27. What is the remainder when p is divided by 13?
12
Suppose 2*r - 2 - 46 = 0. What is the remainder when 69 is divided by r?
21
Suppose 0 = -3*x - 2 - 10. What is the remainder when 23 is divided by (2/(-4))/(x/48)?
5
Let z = 12 + -8. Suppose -5*i + 2*i = -3*f - 9, z*f - i = 3. Suppose f*s - 12 - 18 = 0. Calculate the remainder when 42 is divided by s.
12
Let v(p) be the second derivative of p**4/6 + p**3/2 - 5*p. What is the remainder when 105 is divided by v(3)?
24
Let j(p) = p**2 - 4*p + 1. Suppose 4 = -2*d - d + 4*c, -3*c = -3*d. Calculate the remainder when 1/(((-16)/(-12))/(-4)) - -5 is divided by j(d).
0
Let w = 27 - -101. What is the remainder when w is divided by 26?
24
Suppose -2*s = -4*j + s + 192, 5*j - 5*s - 235 = 0. What is the remainder when j is divided by ((-52)/(-6))/(60/(-18) - -4)?
12
Let n(x) = -x**2 + 7*x + 4. What is the remainder when 14 is divided by n(7)?
2
Suppose -i + 5*c - 70 = 3*i, 2*i = -2*c - 26. Calculate the remainder when 7 is divided by (12/(-9) - -1)*i.
2
Suppose 2*q + 0 = 8, z - 4*q + 16 = 0. Let m(w) = -w**2 - w + 6. Let u(b) = 4*b - 3. Calculate the remainder when u(6) is divided by m(z).
3
Let l = -4 + 4. Suppose l*a = -2*a + 42. Suppose -2*c + 2 = 8, 2*c + a = 5*y. Calculate the remainder when y is divided by 3.
0
Suppose -12 = r + r. Calculate the remainder when 7 is divided by (-5 - r)/((-2)/(-8)).
3
Suppose -3*b - 3*a + 180 = 0, -5*a - 148 = -5*b + 2*b. Calculate the remainder when b is divided by 19.
18
Let b(t) = 4*t - 20. Calculate the remainder when b(15) is divided by 21.
19
Let l = -2 - -2. Suppose -j + 6 = 3*g, l = -4*j + 5*j - 5*g - 22. Suppose -n = -4*n + j. Calculate the remainder when 13 is divided by n.
1
What is the remainder when 55 is divided by ((-98)/(-21))/((-1)/(-3))?
13
Let s = 4 - 3. Let a be (-15)/(-3) - s/1. What is the remainder when 26 + 1 + (a - 5) is divided by 14?
12
Calculate the remainder when 26 is divided by (-2)/(6/21 - (-120)/(-273)).
0
Suppose s - 5*s = 4*o - 40, 0 = 3*s + 4*o - 34. Calculate the remainder when 20 is divided by s.
2
Let i be (12/8)/((-3)/(-78)). Let n = i + 25. Calculate the remainder when n is divided by 33.
31
Let h be 0 - (-1 + -51) - 0. Let i = h - 20. Let f(b) = b**2 - 2*b + 3. Calculate the remainder when i is divided by f(4).
10
Let b(k) = k**3 - 2*k**2 - 6*k + 2. Let o be ((-4)/(-5))/(2/140). Calculate the remainder when 9/6*o/3 is divided by b(4).
8
Let l = 19 - 13. Let y(o) = o**3 + 5*o**2 - 8*o - 2. Let z be -6 - 0/((-2)/(-2)). Calculate the remainder when y(z) is divided by l.
4
Let g(v) = -v**3 + 3*v**2 + 3*v + 5. Let m be g(4). Calculate the remainder when ((-31)/4)/(3/(-12)) is divided by (-2 - -1) + m - -11.
9
Suppose -4*o + 3 = -9. Suppose o*q = -5*r + 53, 35 = 2*q - 3*r + 6. Calculate the remainder when 31 is divided by q.
15
Let f be (0/(-1) + 1)*6. Suppose -h = -5*q - 8, 2*q = f*q - h + 6. What is the remainder when (4/(-6))/(q/57) is divided by 10?
9
Let z = 30 - 27. Suppose -3*q - z = -12. Let k(l) = -l**3 + 3*l**2 + 4*l - 2. What is the remainder when k(3) is divided by q?
1
Let k = -20 + 41. Let g = k - 8. What is the remainder when 37 is divided by g?
11
Let h(d) = -3*d**2 - d + 2. Let p be h(-2). Let a = -17 - p. Let l(r) = -r**2 - 12*r - 11. What is the remainder when 46 is divided by l(a)?
14
Let k = 41 - 19. What is the remainder when 195 is divided by k?
19
Let f be ((1 + 0)*1)/1. Calculate the remainder when 62 is divided by 1 - (-12 - (f - -2)).
14
Calculate the remainder when (7/(-7))/(2/(-58)) is divided by 8.
5
Suppose -5*x - 22 = -62. What is the remainder when 54 is divided by x?
6
Suppose -4*h + 32 = 4. Let p = -3 + h. Suppose -x - p*x = -2*k + 83, 0 = 4*x - 4. Calculate the remainder when k is divided by 15.
14
Suppose 5*w + 36 = u, -2*w = -3*u + 32 + 11. Let x(y) = y + 6. Calculate the remainder when u is divided by x(0).
5
Calculate the remainder when 52 is divided by 31*1 - (33 + -30).
24
Suppose -3 = 3*s - 0. Let k(n) = 54*n**2 - 2*n - 1. Calculate the remainder when k(s) is divided by 29.
26
Let v = -29 + 16. Let n = v - -28. Suppose 3*b - n = -u, -5*u + 0*u - b = -33. What is the remainder when 9 is divided by u?
3
Let g(f) = 9*f**2 - f + 1. Let p be g(1). Let k be (-1)/3 - (-3)/p. Let h(x) = -x**3 - x**2 + x + 2. What is the remainder when h(k) is divided by 2?
0
Let q be -1 + 1 - (0 - -3). Calculate the remainder when 7 is divided by 5*-3*q/15.
1
Let i(t) = -3*t - 3. Let c be i(-7). Let o = -4 + -5. Let h = c + o. Calculate the remainder when 25 is divided by h.
7
Calculate the remainder when (-9 + 6)/(2/58*-1) is divided by 15.
12
Let b(r) = -4*r**3 - 2*r**2 - r + 2. Let w be b(-3). Suppose -4*z = -w - 65. What is the remainder when z is divided by 14?
12
Calculate the remainder when ((-560)/(-24))/((-2)/(-3)) is divided by 13.
9
Suppose 18 = -5*w - 167. Let q = w + 87. What is the remainder when q is divided by 13?
11
Let s(w) = w**3 - 3*w**2 + 10*w - 10. Calculate the remainder when s(6) is divided by 40.
38
Let o = -8 - -12. Suppose -b - 6 - 8 = -f, o*b = 12.